{"id":752,"date":"2023-01-30T10:26:55","date_gmt":"2023-01-30T09:26:55","guid":{"rendered":"https:\/\/chaoshof.at\/?page_id=752"},"modified":"2026-02-04T15:03:16","modified_gmt":"2026-02-04T14:03:16","slug":"termine","status":"publish","type":"page","link":"https:\/\/chaoshof.at\/?page_id=752","title":{"rendered":"Termine"},"content":{"rendered":"<style>\/*! elementor - v3.11.1 - 15-02-2023 *\/\n.elementor-widget-image{text-align:center}.elementor-widget-image a{display:inline-block}.elementor-widget-image a img[src$=\".svg\"]{width:48px}.elementor-widget-image img{vertical-align:middle;display:inline-block}<\/style>\n<p>\t\t\t\t\t\t\t\t\t\t\t\t<img decoding=\"async\" width=\"559\" height=\"794\" src=\"http:\/\/chaoshof.at\/wp-content\/uploads\/2026\/02\/MiMaWeFlyer.jpg\" alt=\"\" srcset=\"https:\/\/chaoshof.at\/wp-content\/uploads\/2026\/02\/MiMaWeFlyer.jpg 559w, https:\/\/chaoshof.at\/wp-content\/uploads\/2026\/02\/MiMaWeFlyer-211x300.jpg 211w\" sizes=\"(max-width: 559px) 100vw, 559px\" \/><br \/>\n\t\t\t\t\t\t\t\t\t\t\t\t\t\t\t<img decoding=\"async\" width=\"559\" height=\"794\" src=\"http:\/\/chaoshof.at\/wp-content\/uploads\/2026\/02\/JP.jpg\" alt=\"\" srcset=\"https:\/\/chaoshof.at\/wp-content\/uploads\/2026\/02\/JP.jpg 559w, https:\/\/chaoshof.at\/wp-content\/uploads\/2026\/02\/JP-211x300.jpg 211w\" sizes=\"(max-width: 559px) 100vw, 559px\" \/>\t\t\t\t\t\t\t\t\t\t\t\t\t\t\t<\/p>\n<h6><strong>JUNGPFLANZENTAG<\/strong><\/h6>\n<p>Jungpflanzen verkauf | Kaffee &amp; Kuchen<br \/>Unsere \u00fcbersch\u00fcssigen Jungpflanzen werden ab Hof verkauft. Komm vorbei, genie\u00df Kaffee und Kuchen und bereite dich auf dein Gartenjahr vor.<\/p>\n<h6><strong>AUSPFLANZEN<\/strong><\/h6>\n<p>Jungpflanzen ins Feld setzen | Lagerfeuer | max. 10 Personen | Voranmeldung<br \/>Alle Jungpflanzen, die bis dahin noch nicht im Boden sind, werden an diesem Wochenende gemeinsam ins Feld gepflanzt &#8211; spoiler: es werden viele sein! Wir freuen uns auf viele helfende H\u00e4nde an diesen zwei Tagen. Abends erwartet dich ein gem\u00fctliches Lagerfeuer und gemeinsames Entspannen. Bitte melde dich bei uns, wenn du einen Schlafplatz brauchst bzw.\u00a0 mit Zelt oder Van kommst. F\u00fcr Verpflegung wird gesorgt.<\/p>\n<h6>HOFFEST<br \/><\/h6>\n<p>4-j\u00e4hriges Jubil\u00e4um | max. 20 Schlafpl\u00e4tze mit Voranmeldung<br \/>Unser vierj\u00e4hriges Jubil\u00e4umsfest hat Laune auf mehr gemacht! Wir freuen uns, gemeinsam mit Freund:innen, Nachbar:innen, Familie und neuen Gesichtern das zweij\u00e4hrige Jubil\u00e4um des ChaosHofs zu feiern. Bitte melde dich vorher an, wenn du bei uns im Haus, Van oder auf der Zeltwiese \u00fcbernachten m\u00f6chtest (max. 20 Personen), damit wir besser planen k\u00f6nnen. Anreise ist ab Freitag 06.09. und Abreise bis Montag 09.09. m\u00f6glich. Tagesg\u00e4ste sind auch ohne Anmledung herzlich willkommen. Wir freuen uns auf dich!<\/p>\n<p><strong>MIMAWE<\/strong><\/p>\n<p>Mitmach-Wochenende | Teilnahme mind. 1,5 Tage erw\u00fcnscht | max. 6 Personen | Voranmeldung<br \/>Wir freuen uns \u00fcber deine Unterst\u00fctzung am ChaosHof. Diese Eventreihe hat letztes Jahr sehr gut funktioniert und ganz viele Menschen haben mit ihrer Hilfe bei Projekten einen Abdruck in der ChaosHof-Geschichte hinterlassen. Die Wochenend-Projekte werden vorher von uns geplant und bekanntgegeben. Dabei kann es sich um Tischlern, Bauen oder Gem\u00fcseanbau handeln. Vorkenntnisse sind daf\u00fcr nicht n\u00f6tig. Bitte melde dich vorher bei uns an, damit wir Schafpl\u00e4tze planen k\u00f6nnen, f\u00fcr Verpflegung wird gesorgt. Anreise ist ab Freitag und Abreise bis Montag Vormittag m\u00f6glich. Wir freuen uns auf einen Skills-Exchange.<\/p>\n<p>\u00a0\u00a0<\/p>\n<p><em><strong>Der Chaoshof ist zu Fu\u00df vom Bahnhof Weststeiermark erreichbar. Die bereitgestellte Verpflegung ist grunds\u00e4tzlich vegan, sag uns bitte rechtzeitig bescheid, falls du Unvertr\u00e4glichkeiten hast. Die Voranmeldung ist per Mail chaoshof[at]posteo.at oder privat m\u00f6glich.<br \/><\/strong><\/em><\/p>\n","protected":false},"excerpt":{"rendered":"<p>JUNGPFLANZENTAG Jungpflanzen verkauf | Kaffee &amp; KuchenUnsere \u00fcbersch\u00fcssigen Jungpflanzen werden ab Hof verkauft. Komm vorbei, genie\u00df Kaffee und Kuchen und bereite dich auf dein Gartenjahr vor. AUSPFLANZEN Jungpflanzen ins Feld setzen | Lagerfeuer | max. 10 Personen | VoranmeldungAlle Jungpflanzen, die bis dahin noch nicht im Boden sind, werden an diesem Wochenende gemeinsam ins Feld [&hellip;]<\/p>\n","protected":false},"author":1,"featured_media":0,"parent":0,"menu_order":0,"comment_status":"closed","ping_status":"closed","template":"","meta":{"footnotes":""},"class_list":["post-752","page","type-page","status-publish","hentry"],"_links":{"self":[{"href":"https:\/\/chaoshof.at\/index.php?rest_route=\/wp\/v2\/pages\/752","targetHints":{"allow":["GET"]}}],"collection":[{"href":"https:\/\/chaoshof.at\/index.php?rest_route=\/wp\/v2\/pages"}],"about":[{"href":"https:\/\/chaoshof.at\/index.php?rest_route=\/wp\/v2\/types\/page"}],"author":[{"embeddable":true,"href":"https:\/\/chaoshof.at\/index.php?rest_route=\/wp\/v2\/users\/1"}],"replies":[{"embeddable":true,"href":"https:\/\/chaoshof.at\/index.php?rest_route=%2Fwp%2Fv2%2Fcomments&post=752"}],"version-history":[{"count":40,"href":"https:\/\/chaoshof.at\/index.php?rest_route=\/wp\/v2\/pages\/752\/revisions"}],"predecessor-version":[{"id":1146,"href":"https:\/\/chaoshof.at\/index.php?rest_route=\/wp\/v2\/pages\/752\/revisions\/1146"}],"wp:attachment":[{"href":"https:\/\/chaoshof.at\/index.php?rest_route=%2Fwp%2Fv2%2Fmedia&parent=752"}],"curies":[{"name":"wp","href":"https:\/\/api.w.org\/{rel}","templated":true}]}}